{"id":8385,"date":"2016-06-20T12:27:33","date_gmt":"2016-06-20T12:27:33","guid":{"rendered":"http:\/\/citizenshiprightsafrica.org\/west-africa\/cabo-verde\/?lang=fr"},"modified":"2024-04-16T15:07:22","modified_gmt":"2024-04-16T15:07:22","slug":"cabo-verde","status":"publish","type":"page","link":"https:\/\/citizenshiprightsafrica.org\/fr\/afrique-de-l-ouest\/cabo-verde\/","title":{"rendered":"Cabo Verde"},"content":{"rendered":"<p><span class=\"--l --r sentence_highlight\">La nationalit\u00e9 au Cap-Vert est r\u00e9gie par la <a title=\"http:\/\/citizenshiprightsafrica.org\/cabo-verde-lei-constitucional-no-1vii2010\/\" href=\"http:\/\/citizenshiprightsafrica.org\/cabo-verde-lei-constitucional-no-1vii2010\/?lang=fr\" rel=\"noopener noreferrer nofollow\">Constitution de 1992, telle qu&rsquo;amend\u00e9e en 2010<\/a>, et par la <a title=\"https:\/\/citizenshiprightsafrica.org\/cape-verde-lei-n-o-33-x-2023-de-22-de-agosto\/\" href=\"http:\/\/citizenshiprightsafrica.org\/cape-verde-lei-n-o-33-x-2023-de-22-de-agosto\/?lang=fr\" target=\"_blank\" rel=\"noopener noreferrer nofollow\">Lei da Nacionalidade de 2023<\/a>, telle qu&rsquo;amend\u00e9e en mars 2024. <\/span><span class=\"--l sentence_highlight\">Les r\u00e8glements d&rsquo;application de la nouvelle loi devaient \u00eatre publi\u00e9s \u00e0 la mi-2024.<\/span><span class=\"--r sentence_highlight\"><br \/>\n<\/span><\/p>\n<p><span class=\"--l --r sentence_highlight\">L&rsquo;article 5 de la Constitution ne comprend qu&rsquo;une seule disposition substantielle, le para. <\/span><span class=\"--l --r sentence_highlight\">3, qui stipule que les Capverdiens peuvent acqu\u00e9rir la nationalit\u00e9 d&rsquo;un autre pays sans perdre leur nationalit\u00e9 d&rsquo;origine. <\/span><span class=\"--l --r sentence_highlight\">Les paragraphes 1, 2 et 4 se contentent de faire r\u00e9f\u00e9rence \u00e0 l&rsquo;acquisition de la nationalit\u00e9 d&rsquo;un autre pays. <\/span><span class=\"--l --r sentence_highlight\">1, 2 et 4 se limitent \u00e0 renvoyer \u00e0 la l\u00e9gislation ordinaire et aux accords internationaux (y compris les trait\u00e9s de double nationalit\u00e9) la d\u00e9finition de la personne cap-verdienne et les r\u00e8gles d&rsquo;acquisition, de perte et de r\u00e9acquisition de la nationalit\u00e9, ainsi que son enregistrement et sa preuve. <\/span><span class=\"--l sentence_highlight\">L&rsquo;article 40 de la Constitution, intitul\u00e9 \u00ab\u00a0droit \u00e0 la nationalit\u00e9\u00a0\u00bb, dispose qu&rsquo;aucun Cap-Verdien d&rsquo;origine ne peut \u00eatre priv\u00e9 de sa nationalit\u00e9 ni des pr\u00e9rogatives qui y sont attach\u00e9es.<\/span><span class=\"--r sentence_highlight\"><br \/>\n<\/span><\/p>\n<p><span class=\"--l --r sentence_highlight\">Le pr\u00e9ambule de la Lei da Nacionalidade 2023 (loi n\u00b0 33\/X\/2023, du 22 ao\u00fbt 2023) souligne que la nationalit\u00e9 est un droit fondamental et que le Cap-Vert est un pays d&rsquo;\u00e9migration soucieux de maintenir ses \u00e9migrants li\u00e9s \u00e0 la communaut\u00e9 nationale dans le cadre d&rsquo;une politique de Nation globale<em>(Na\u00e7\u00e3o Global<\/em>). <\/span><span class=\"--l --r sentence_highlight\">Les principales modifications apport\u00e9es \u00e0 la loi sur la nationalit\u00e9 du Cap-Vert par la loi n\u00b0 33\/X\/2023 &#8211; qui abroge et remplace la <a title=\"https:\/\/citizenshiprightsafrica.org\/cabo-verde-compilation-of-nationality-laws\/\" href=\"http:\/\/citizenshiprightsafrica.org\/cabo-verde-lei-no-80iii90-da-29-da-junho\/?lang=fr\" rel=\"noopener noreferrer nofollow\">loi n\u00b0 80\/III\/90 du 29 juin 1990<\/a> &#8211; ont consist\u00e9 \u00e0 : (a) \u00e9largir le champ d&rsquo;application de la nationalit\u00e9 d&rsquo;origine par la naissance avec son attribution aux enfants n\u00e9s \u00e0 l&rsquo;\u00e9tranger qui sont des enfants, petits-enfants, arri\u00e8re-petits-enfants ou arri\u00e8re-arri\u00e8re-petits-enfants ; (b) \u00e9tendre le champ d&rsquo;application de la nationalit\u00e9 d&rsquo;origine par la naissance aux enfants n\u00e9s \u00e0 l&rsquo;\u00e9tranger.<\/span><\/p>\n","protected":false},"excerpt":{"rendered":"La nationalit\u00e9 au Cap-Vert est r\u00e9gie par la Constitution de 1992, telle qu&rsquo;amend\u00e9e en 2010, et par la Lei da Nacionalidade de 2023, telle qu&rsquo;amend\u00e9e en mars 2024. Les r\u00e8glements d&rsquo;application de la nouvelle loi devaient \u00eatre publi\u00e9s \u00e0 la mi-2024. L&rsquo;article 5 de la Constitution ne comprend qu&rsquo;une seule disposition substantielle, le para. 3, [&hellip;]","protected":false},"author":1,"featured_media":3766,"parent":8348,"menu_order":0,"comment_status":"closed","ping_status":"closed","template":"","meta":{"_acf_changed":false,"_monsterinsights_skip_tracking":false,"_monsterinsights_sitenote_active":false,"_monsterinsights_sitenote_note":"","_monsterinsights_sitenote_category":0,"footnotes":""},"class_list":["post-8385","page","type-page","status-publish","has-post-thumbnail","hentry"],"acf":[],"_links":{"self":[{"href":"https:\/\/citizenshiprightsafrica.org\/fr\/wp-json\/wp\/v2\/pages\/8385","targetHints":{"allow":["GET"]}}],"collection":[{"href":"https:\/\/citizenshiprightsafrica.org\/fr\/wp-json\/wp\/v2\/pages"}],"about":[{"href":"https:\/\/citizenshiprightsafrica.org\/fr\/wp-json\/wp\/v2\/types\/page"}],"author":[{"embeddable":true,"href":"https:\/\/citizenshiprightsafrica.org\/fr\/wp-json\/wp\/v2\/users\/1"}],"replies":[{"embeddable":true,"href":"https:\/\/citizenshiprightsafrica.org\/fr\/wp-json\/wp\/v2\/comments?post=8385"}],"version-history":[{"count":7,"href":"https:\/\/citizenshiprightsafrica.org\/fr\/wp-json\/wp\/v2\/pages\/8385\/revisions"}],"predecessor-version":[{"id":40296,"href":"https:\/\/citizenshiprightsafrica.org\/fr\/wp-json\/wp\/v2\/pages\/8385\/revisions\/40296"}],"up":[{"embeddable":true,"href":"https:\/\/citizenshiprightsafrica.org\/fr\/wp-json\/wp\/v2\/pages\/8348"}],"wp:featuredmedia":[{"embeddable":true,"href":"https:\/\/citizenshiprightsafrica.org\/fr\/wp-json\/wp\/v2\/media\/3766"}],"wp:attachment":[{"href":"https:\/\/citizenshiprightsafrica.org\/fr\/wp-json\/wp\/v2\/media?parent=8385"}],"curies":[{"name":"wp","href":"https:\/\/api.w.org\/{rel}","templated":true}]}}

<p><span class="--l --r sentence_highlight">La nationalité au Cap-Vert est régie par la <a title="http://citizenshiprightsafrica.org/cabo-verde-lei-constitucional-no-1vii2010/" href="http://citizenshiprightsafrica.org/cabo-verde-lei-constitucional-no-1vii2010/?lang=fr" rel="noopener noreferrer nofollow">Constitution de 1992, telle qu&rsquo;amendée en 2010</a>, et par la <a title="https://citizenshiprightsafrica.org/cape-verde-lei-n-o-33-x-2023-de-22-de-agosto/" href="http://citizenshiprightsafrica.org/cape-verde-lei-n-o-33-x-2023-de-22-de-agosto/?lang=fr" target="_blank" rel="noopener noreferrer nofollow">Lei da Nacionalidade de 2023</a>, telle qu&rsquo;amendée en mars 2024. </span><span class="--l sentence_highlight">Les règlements d&rsquo;application de la nouvelle loi devaient être publiés à la mi-2024.</span><span class="--r sentence_highlight"><br />
</span></p>
<p><span class="--l --r sentence_highlight">L&rsquo;article 5 de la Constitution ne comprend qu&rsquo;une seule disposition substantielle, le para. </span><span class="--l --r sentence_highlight">3, qui stipule que les Capverdiens peuvent acquérir la nationalité d&rsquo;un autre pays sans perdre leur nationalité d&rsquo;origine. </span><span class="--l --r sentence_highlight">Les paragraphes 1, 2 et 4 se contentent de faire référence à l&rsquo;acquisition de la nationalité d&rsquo;un autre pays. </span><span class="--l --r sentence_highlight">1, 2 et 4 se limitent à renvoyer à la législation ordinaire et aux accords internationaux (y compris les traités de double nationalité) la définition de la personne cap-verdienne et les règles d&rsquo;acquisition, de perte et de réacquisition de la nationalité, ainsi que son enregistrement et sa preuve. </span><span class="--l sentence_highlight">L&rsquo;article 40 de la Constitution, intitulé « droit à la nationalité », dispose qu&rsquo;aucun Cap-Verdien d&rsquo;origine ne peut être privé de sa nationalité ni des prérogatives qui y sont attachées.</span><span class="--r sentence_highlight"><br />
</span></p>
<p><span class="--l --r sentence_highlight">Le préambule de la Lei da Nacionalidade 2023 (loi n° 33/X/2023, du 22 août 2023) souligne que la nationalité est un droit fondamental et que le Cap-Vert est un pays d&rsquo;émigration soucieux de maintenir ses émigrants liés à la communauté nationale dans le cadre d&rsquo;une politique de Nation globale<em>(Nação Global</em>). </span><span class="--l --r sentence_highlight">Les principales modifications apportées à la loi sur la nationalité du Cap-Vert par la loi n° 33/X/2023 &#8211; qui abroge et remplace la <a title="https://citizenshiprightsafrica.org/cabo-verde-compilation-of-nationality-laws/" href="http://citizenshiprightsafrica.org/cabo-verde-lei-no-80iii90-da-29-da-junho/?lang=fr" rel="noopener noreferrer nofollow">loi n° 80/III/90 du 29 juin 1990</a> &#8211; ont consisté à : (a) élargir le champ d&rsquo;application de la nationalité d&rsquo;origine par la naissance avec son attribution aux enfants nés à l&rsquo;étranger qui sont des enfants, petits-enfants, arrière-petits-enfants ou arrière-arrière-petits-enfants ; (b) étendre le champ d&rsquo;application de la nationalité d&rsquo;origine par la naissance aux enfants nés à l&rsquo;étranger.</span></p>

La nationalité au Cap-Vert est régie par la Constitution de 1992, telle qu&rsquo;amendée en 2010, et par la Lei da Nacionalidade de 2023, telle qu&rsquo;amendée en mars 2024. Les règlements d&rsquo;application de la nouvelle loi devaient être publiés à la mi-2024. L&rsquo;article 5 de la Constitution ne comprend qu&rsquo;une seule disposition substantielle, le para. 3, [&hellip;]
